4).
8
Suppose 0 = 19*c - 17*c - 32. Suppose -c*p + 36 = -20*p. Let o = p - -16. Let s(g) = g**2 - 5*g - 1. Determine s(o).
13
Let d(x) be the first derivative of -x**4/4 + 7*x**3/3 - 9*x**2/2 + x - 6. Suppose -2*b - 14 = -3*q, -3*q + 10 = -13*b + 9*b. What is d(q)?
-17
Let m(p) = -2*p**3 + 7*p**2 + 9*p - 33. Let q be m(3). Let t(c) = 21*c - 6. Give t(q).
57
Let a(l) = -l + 12. Let y = 55 - 51. Suppose 5*o - 3*p - 201 = 0, -2*o + 187 = 3*o + y*p. Let x = -39 + o. What is a(x)?
12
Let c(a) = a**2 + 3*a + 11. Let w(y) = 2*y + 411 - 401 + 2*y**2 + 0*y - y**2. Let h(m) = -5*c(m) + 6*w(m). Let q be (-6 - -2) + 12 - 2. Determine h(q).
23
Let d(c) = -5*c + 6*c + c + 11*c. Suppose 5*a - a - 21 = -5*p, 3*p - 2*a + 5 = 0. What is d(p)?
13
Let x(h) = h - 4. Let c be (-12)/18 - (-3 - (-4)/(-6)). Suppose -5*i = -4*o - 149 - 193, -c*i - 2*o = -214. Let q be (6/10)/(14/i). Calculate x(q).
-1
Let h(c) be the first derivative of -9*c**2/2 - 2*c + 18. Let o(r) = r**2 - 53*r + 199. Let d be o(49). Calculate h(d).
-29
Let d(a) be the second derivative of -a**5/10 - 11*a**4/12 + 5*a**3/6 + a**2 - 35*a - 17. Give d(-6).
8
Let j be (-2 - -2)/(-4*(-2)/8). Let m = j - -6. Let h(t) = 16*t - 16. Let k(q) = 7*q - 8. Let d(b) = 3*h(b) - 7*k(b). Give d(m).
2
Let p(b) = -b**3 + 4*b**2 + 33*b - 2. Let h be ((-234)/(-195))/(27/180). What is p(h)?
6
Suppose -68*p + 816 = 476. Let z(f) = 5*f + 28. What is z(p)?
53
Let j = 21 - 9. Let n = -14 + j. Let x(f) be the second derivative of -f**5/20 - f**4/12 + f**3/3 + 3*f**2/2 + 49*f. What is x(n)?
3
Suppose 0 = 31*n - 43*n. Let t(k) be the third derivative of 1/20*k**5 + 0 + n*k + 10*k**2 - 1/3*k**3 + 1/24*k**4. Give t(2).
12
Let b(f) be the third derivative of 0*f + 1/60*f**5 + 51*f**2 + 1/12*f**4 - 1/6*f**3 + 0. Let s be 2/(-6)*0 + -4. What is b(s)?
7
Suppose y - 58*m = -55*m + 2, 2*m = 10. Let d(u) = u**3 - 15*u**2 - 33*u - 16. Calculate d(y).
1
Let g = 5703 - 5695. Let j(c) = c**2 - 7*c - 16. Give j(g).
-8
Let p(r) = 3*r - 1. Let a(o) be the second derivative of 5/2*o**2 + 0 - 8*o + 1/4*o**4 - 13/6*o**3. Let z be a(4). What is p(z)?
2
Suppose 7*x - 30 = -3*x. Let r be 4/14 + x/((-63)/(-15)). Let i be ((-10)/30)/(r/(-21)). Let m(p) = -p**3 + 8*p**2 - 9*p + 8. Determine m(i).
-6
Let a be (1 + (-4 - -4))*7. Let x(l) = 8*l + 44. Let f(t) = 3*t + 18. Let r(h) = -15*f(h) + 6*x(h). Determine r(a).
15
Let u be -5*((-304)/(-40) - 5). Let h(x) = x**2 + 14*x - 2. Calculate h(u).
-15
Let c(n) = n**2 - 45*n + 131. Let w(u) = -u**3 - 17*u**2 + 80*u - 42. Let s be w(-21). Give c(s).
5
Let w(v) = -v**2 + 28*v - 27. Let h be w(27). Let j be 328/12 + (1/(-3) - h). Let o(t) = 21*t**2 + 20*t**2 - 3*t + j*t**2 + 4 - 70*t**2. Give o(-3).
-5
Let i(f) = f**3 + 7*f**2 - 3. Suppose 9*g + 51 = -3. Let b be (g + (-1 - (-3 + 1)))*-1. Suppose -b*x - 5 = 30. What is i(x)?
-3
Let f(b) = -b**3 - 6*b**2 - 2*b - 5. Let l be f(-4). Let p = 35 + l. Let h(v) = p - 7*v + v + 0*v + 3*v. What is h(5)?
-9
Let n(i) = 207*i - 89*i - 85*i**2 + 84*i**2 - 68 - 102*i. What is n(7)?
-5
Let k(m) be the third derivative of m**9/60480 + m**8/20160 - m**7/1260 + m**5/60 + m**4/4 + 189*m**2. Let d(w) be the third derivative of k(w). Determine d(3).
24
Let c(w) = -2*w**2 - 7*w. Let z be c(-7). Let p = z - -41. Let h be p/20*(-1 + -9). Let n(y) = y**3 - 4*y**2 - y - 2. Determine n(h).
-6
Let q(r) = -70*r. Suppose 165*k - 116*k - 49 = 0. Give q(k).
-70
Let l(h) = -2*h**2 + 4*h + 13. Let r(d) = d**2 - d. Let j(n) = l(n) + 3*r(n). Suppose -5*z - 2*k = -5, -7 = -3*z - k - k. Let f be 0/(z + 4 - 1). Give j(f).
13
Let f(v) = -v - 28. Suppose -5*a - 3*l - 107 = 30, -12 = 3*l. Calculate f(a).
-3
Let a be -213*(-5)/15 + -1 + 5. Suppose 4*q + 132 = 3*f + 369, 2*q - 237 = 3*f. Let z = a + f. Let i(b) = 2*b + 6. What is i(z)?
-2
Let u be ((-10)/4)/(1 + 1286/(-1284)). Let o(s) = -s**2 - u + s**3 + 3209 - 1602 - s. Determine o(0).
2
Let o(i) = i**3 + 94*i**2 + 444*i - 68. Let u be o(-89). Let y(b) = -b**2 + 22*b - 3. Calculate y(u).
18
Let l be -5*-3*3815/(-75). Let f = l - -766. Let m(n) = -n**2 - n + 13. Determine m(f).
1
Let c(t) = -2*t - 10 + t + 4*t + 11 + 11. Calculate c(8).
36
Let r(h) = -12*h + 29. Suppose 0 = 102*d - 101*d - 2. Let a be r(d). Let t(k) be the third derivative of k**5/60 - k**4/6 - 5*k**3/6 - k**2. Calculate t(a).
0
Let f be 1/11 - 12099/(-1221). Let c(n) = n**3 - 10*n**2 + 5*n - 5. Calculate c(f).
45
Let f(u) be the first derivative of -11*u**4/4 + u**3/3 - u + 1. Let l be (78/(-12) - -8)*6/9. Calculate f(l).
-11
Suppose 112 = 106*v - 113*v. Let y(t) = 4*t**2 - 8*t + 9 + 0*t**2 - 5*t**2 - 7*t. Calculate y(v).
-7
Let n be -5 + (330/66)/(5/4). Let v(j) = 29*j**3 - 4*j**2 + 2*j + 1. Calculate v(n).
-34
Let b(m) = -6*m - 56. Let o(l) = -4*l - 37. Let i(n) = -5*b(n) + 7*o(n). Let z be i(-9). Let w(v) = 1 - 2*v**3 + 3*v**3 + 2 - 11*v**2 + 8*v**2 + 2*v. Give w(z).
9
Let h(d) be the first derivative of -d**3 - d**2/2 + d - 2. Suppose 5*a = -297 - 268. Let f = a - -111. Give h(f).
-9
Let p(s) = -21*s**3 + 33*s**2 - 40*s + 32. Let h(f) = 10*f**3 - 16*f**2 + 19*f - 16. Let y(c) = -17*h(c) - 8*p(c). Determine y(4).
4
Let s(w) = w**3 + 7*w**2 - 25*w - 20. Let j be 74/(-10) + 845/(-325). Determine s(j).
-70
Let b(j) = -j**3 + 12*j**2 - 11*j - 1. Suppose -5*v + v + 4*r + 36 = 0, -4*v - 3*r + 57 = 0. Let w = v - -3. Suppose w*c - 54 = 111. Determine b(c).
-1
Let m(z) = -266*z**2 + 9 + 254*z**2 + 7*z**3 - 13*z - 3*z**3 - 3*z**3 - 3. Suppose -a = g - 16, -2*a = 5*g - a - 68. Calculate m(g).
6
Let l(h) = -h**3 - 62*h**2 - 121*h - 60. Let u be 441/21 + -107 + 26. Give l(u).
0
Let g(k) = 198*k**3 - 4*k + 32 + 22*k**2 - 341*k**3 + 142*k**3. Calculate g(22).
-56
Let k(a) = -8 - a**3 + 23*a**2 + 30*a**2 - 71*a**2 - 6*a - 4 + 28*a**2. Give k(9).
15
Let l(x) = 16*x - 5. Let h be 8*(-7)/8*87/(-203). Determine l(h).
43
Let v(g) = -g**2 - 5*g - 1. Let y be -2 + -1 - -2*1185/6. Suppose -9*u = -2*u + y. Let a = u - -51. Determine v(a).
-1
Suppose -4*b - b + 3*j + 30 = 0, 24 = 4*b + 2*j. Let n be (-3)/(-9) + 22/b - 4. Let l(o) = -o**3 - o**2 - o - 10. What is l(n)?
-10
Suppose 12*y - p = 13*y - 8, -5*y - 4*p = -35. Let x(k) = -46 + 32 + k**y - k + 11. What is x(0)?
-3
Let k(c) = -c - 1. Let s(a) = 43*a - 36*a + 3*a**3 - 4*a**3 + 0 - 1. Let x be s(3). Determine k(x).
6
Let d(q) = q**3 + 6*q**2 + 4*q - 12. Suppose 14*f = 103 + 163. Suppose 0 = 7*j + 16 + f. Calculate d(j).
-7
Let y(k) = 7*k**2 - 5*k. Let l(d) = -11*d**2 + 4*d + 2. Let q(s) = 2*l(s) + 3*y(s). Give q(-4).
16
Let d(h) = 7*h + 5. Let a be ((-99)/66 + (-18)/(-4))*(2 - 3). Give d(a).
-16
Let g be (-60)/90 + (-52)/(-42) - 570/42. Let x(f) = f**3 + 13*f**2 + 6*f + 8. What is x(g)?
-70
Let f(n) = 4*n - 4 + 1509664*n**2 - 1509637*n**2 + 0*n. Calculate f(2).
112
Let q(b) be the first derivative of 19*b**2/2 + 8*b - 1347. Calculate q(-3).
-49
Let x(n) be the first derivative of -n**6/360 + 7*n**4/24 - 21*n**3 - 97. Let r(m) be the third derivative of x(m). Give r(0).
7
Let f(b) = 200*b - 95*b - 106*b. Let l(z) = z**2 - 5*z - 1. Let g be l(6). Suppose 3*k + g*c = -2*k, 0 = -3*k - 4*c. Determine f(k).
0
Let y(w) = -w**2 + 3*w - 7. Let n(t) = 4*t**2 + 23*t + 33. Let j be n(-3). Give y(j).
-7
Suppose 0 = 4*w + p, 4*w - 24 = 4*p - 4. Let m(b) = 10*b**3 - 4*b + 5. Give m(w).
11
Let b(t) = -2*t + 6. Suppose -3*m - 2*u = -2*m + 7, -3*m + 14 = -u. Let n be b(m). Let w(j) = 20 - j**2 + 16 + 21 + j**3 + 22 - 93 + j. Calculate w(n).
-14
Let z(h) = h**3 - 6*h**2 + h + 1. Let c(b) be the third derivative of -5*b**4/24 + 6*b**3 - 97*b**2. Let j be c(6). What is z(j)?
7
Let d(c) = -c**2 - 21*c + 118. Suppose -3721*l = -3748*l - 702. Give d(l).
-12
Let m(j) = -j**2 - j + 2. Let s(g) be the first derivative of -g**3/3 + 4*g**2 - 1. Let k be s(7). Suppose 0 = k*i + 10 + 11. Determine m(i).
-4
Let m(l) = 11*l + 32*l + 12*l + 9 - 56*l. Calculate m(-11).
20
Let b be -5*(3 + (-56)/14). Let r(w) = w**3 - 4*w**2 + 5*w + 2. Give r(b).
52
Let k be (-2)/2*8*((-667)/(-58) - 14). Let y(b) = -5*b + 28. What is y(k)?
-72
Let z(y) = -6*y**2 + 31*y - 18. Suppose 0 = -23*j + 26*j - s - 21, 2*j + 5*s = -20. Determine z(j).
-13
Let g(f) = 1 - 3*f + 6*f - 5*f. Let u(t) = 3*t**2 - 14*t + 23. Let a(c) = c**2 - 2. Let q(l) = 2*a(l) - u(l). Let z be q(3). What is g(z)?
-11
Let u(o) = 4*o 